03 - (-38 + 116 + -48).
65
Evaluate 7 + 1 + -13 + 12 - (12 - -15) - 9.
-29
Evaluate 35 - (15 + (0 - (8 - 7))).
21
4 + 17 + 47 - 46
22
Calculate 32 - (22 + 68 + -49).
-9
What is 1 - -9 - 2 - (-19 + (4 - -9))?
14
(-95 - -1 - (-195 - -168)) + (4 - -8) + -3
-58
What is the value of (1 - -38) + (35 - 3 - 61) + 36?
46
What is the value of -1 + (-104 - -82) + -9?
-32
What is the value of 58 + (2 - (7 + 13)) + -6?
34
What is the value of 52 + (-53 - -24) + (7 - -21)?
51
What is 21 + 0 + -3 + (23 - 37)?
4
What is the value of -44 + -9 + 27 - (0 + -6) - -18?
-2
What is the value of -4 - (36 + -72 - -4)?
28
(-12 - -14 - 9) + (-8 + 4 - -1) + -19
-29
What is (-55 - (2 - 6)) + (70 - 17 - 55)?
-53
Evaluate 12 + -32 + (20 - (-11 + 11)).
0
What is 0 + (-4 - (2 - 2)) + 4 + (3 - 23)?
-20
What is -6 + (-33 + 1 - -24)?
-14
0 - 77 - (-19 + 0 - (888 - 898))
-68
What is 7 + (52 - 61 - -50)?
48
Calculate -2 + 21 + -36 + 52.
35
Calculate (26 - 16) + -22 - ((0 + 6 - -4) + -39).
17
Evaluate 11 - (-13 - -27) - (42 + -3).
-42
12 + 0 - (-26 + 24 + -37 + 43)
8
What is the value of -4 + 4 - (-14 - (-4 + 7 - (8 + 6)))?
3
What is -38 + 36 + 80 - 129?
-51
Calculate 159 + -294 + 157 - (79 + 1).
-58
What is (-27 - -13 - 14) + (-5 - -6)?
-27
120 - ((0 - -1 - -6) + 6935 + -6922)
100
What is 14 + -1 + -158 + 132 + (-14 - -8)?
-19
What is the value of -77 - -84 - ((-7 - -7 - 3) + -3 + -52)?
65
Calculate (0 - 3) + 34 + -22 + -20 + 42.
31
What is -12 + (4 - -40) + -16 - -15?
31
Evaluate (-36 - -37) + 27 + -42.
-14
0 + 6 + (1 - -2) - (3 + -16)
22
(-6 - (-6 + -3 + 20 - 40)) + 8
31
Calculate 48 - -18 - (69 + -51).
48
Evaluate (51 - -1) + (-47 + (67 - 0) - 19).
53
48 + (0 - 44) + -28
-24
What is -32 + (35 + -90 - -7)?
-80
Calculate -16 + -29 + 13 - -26.
-6
(58 - 11) + -31 - -44
60
What is the value of 50 + -163 + (30 - -25)?
-58
Calculate (-19 - (32 - (13 + 27))) + (-3 + 7 - 39).
-46
What is the value of 3 - -52 - (16 - (5 - (11 + -13)))?
46
25 + 48 - (-35 + 15 - -4)
89
Evaluate (-8 - -49) + (-465 - -398).
-26
Calculate 1 + -22 + -2 + (-452 - -468) - -11.
4
4 + 57 + (-43 - 10) + (-7 - 0)
1
What is the value of 2 - (10 + -2) - (-191 - -196)?
-11
What is the value of -6 - (37 + -5) - (365 - 342)?
-61
What is 92 + -97 - (2 - 24) - 3?
14
Evaluate 0 + (10 - 2) - (18 - 21) - -1.
12
What is the value of (188 - (5 - 4)) + -881 + 834?
140
Evaluate (0 - 38) + -130 + (188 - 64).
-44
Evaluate -17 - (-103 + 20 + (-32 - -16)).
82
Calculate (-153 + 28 - -95) + 82.
52
Evaluate (98 - 21) + -308 + 338 + 0 + -18.
89
What is the value of -55 + 112 - (4 + -1 + (1 - 6)) - -4?
63
What is the value of 3 - 30 - (-28 - (13 + -39))?
-25
What is (-80 - 22) + (-227 - -384)?
55
Evaluate -8 - (3 - (16 + (-8 - (8 - 14)) + -8)).
-5
Evaluate 46 + (-10 - (-13 - -4 - (23 - 34))).
34
Evaluate -7 - -15 - (-10 + 7 + 36).
-25
What is the value of 4 + 11 + -19 + -18 + 53 + 0?
31
Calculate -5 + (-1 - -2) + (296 - 328) + 28 + -2.
-10
Calculate -56 + (-7 - -27) + 1 + 38.
3
-24 + 14 + 47 + -3 + -4 + 15 + -7
38
What is (-1 + 3 - (0 - 3)) + -152 + 119 + 31?
3
What is the value of (-194 - -196) + (-2 - -1 - 9) + (-225 - -155)?
-78
-2 - -2 - (-426 - -466 - (48 - 1))
7
Evaluate (0 - 154) + -1808 + 1890.
-72
What is -156 + 132 - (1 + (63 - 1))?
-87
Calculate -4 + 16 + -10 + (-5 - 18) + -14.
-35
What is the value of (-100 + 0 - (-167 + 174)) + 0 + 4 + 10?
-93
Calculate 6 + -4 + -4 + 14 + -19 - (1 + -67).
59
Calculate 30 + ((-25 - -23) + (1 - -29) - 21).
37
What is -42 - (14 - (26 - -11))?
-19
0 + -7 + (-20 - (-18 + 0 - 23))
14
What is 16 - 1 - (-60 + -57 + 104)?
28
What is the value of -10 - (-11 + 5 - 20) - (6 - 2)?
12
Calculate -14 - (0 - 0) - (-66 - (-3 + 11 + -134)).
-74
-33 + 63 - (-36 + (33 - 9))
42
Evaluate -43 + 14 + -12 - -63.
22
What is -6 + 1 - (16 - (12 - (-3 - -1)) - 3)?
-4
-46 + 20 + -22 + 78
30
Calculate -5 - (-26 + (29 - 26) - -19).
-1
What is -1 - -25 - 40 - 81?
-97
What is the value of 16 - (-21 + 33) - (1 - -2 - 11) - 98?
-86
What is the value of -114 + (-229 - -381) - (21 + 1)?
16
Evaluate -67 + 3 - (102 + -115).
-51
-1 + 85 + 20 + (19 - 58 - -16)
81
What is (1 - (127 + -3)) + (-2 - -53) + -45 - 15?
-132
-228 - -315 - (-6 - 11)
104
Calculate 37 + -32 + (-20 + -4 + 10 - -47).
38
Calculate 5 + (18 + (-9 - 5) - 17) + 0 + 84.
76
What is the value of -242 + 256 + (32 - -3)?
49
What is -149 + (-26 - -264) - (1 + -39)?
127
What is the value of (-40 + 6 - (138 + -265)) + 34?
127
(-30 - 7) + (18 - -3) + -19
-35
Calculate -115 + 127 + 1 + -22 + (-2 - (-12 + 0)).
1
Evaluate (58 - -12) + (-11 - (-21 - -24)).
56
What is -16 - (-11 + 1) - 34 - 0 - 14?
-54
(6 - -10) + (-37 - (-1 - -2))
-22
Calculate (9 - -4) + 1 - (-255 - -240).
29
Evaluate -17 + (-1771 - -1836 - (-1 + -6)).
55
What is (-9487 - -9514) + -1 + -25?
1
-28 + (-1 - (-56 - -24 - -15))
-12
What is 88 + (150 + -70 - 266)?
-98
Evaluate -86 - (22 + 57 + -210).
45
What is 87 - (-31 + 28 + 22)?
68
What is -8 + 2 + 0 + 8 + 19 + -47?
-26
What is 23 + 19 + (-94 - 9 - -8)?
-53
-133 - (-11 - (-2 + (-5 - 1)) - (-6 - -6))
-130
What is -40 - ((1 - -1) + -24 + 0 + -102 + 119)?
-35
Evaluate (-11 - (-5 - (-23 + 60))) + -20.
11
1 - (-2 - (-33 + -71))
-101
Evaluate -20 + -14 + 64 + -17.
13
Evaluate 79 - 0 - (-2410 - -2469).
20
What is -4 + (5 - (0 + 1)) - (-18 - -27)?
-9
What is the value of -3 + -3 + 1 + (-66 + 11 - -70) - 43?
-33
What is the value of 12 - (-53 - (-72 - -1))?
-6
Calculate -42 + -5 + 10 - (-16 + (-8 - -18) - 1).
-30
What is the value of 87 - (-25 - (-77 + 31) - 6)?
72
Evaluate (1 - 19) + ((-25 - 0) + -12 - -25).
-30
What is (-23 + 153 - 50) + 0 + -31?
49
Calculate (4 - -1) + (-7 - -56 - -24).
78
What is -99 + 24 - ((10 - (-4 - -26)) + -2 + 11)?
-72
-50 + 6 + (15 - 24)
-53
What is the value of -72 - -2 - -2 - ((5 - 10) + 16)?
-79
35 + 0 + 0 + 167 + -3 + -173
26
What is the value of -7 + 15 - (-434 + 464)?
-22
What is -39 + (88 - -36) + -184?
-99
What is the value of (7 - 3) + -21 + 22 + -8 + (-1 - 11)?
-15
(61 - 0) + (-7337 - -7243)
-33
What is the value of 133 - 93 - -22 - 6?
56
138 + (1114 + -1136 - (16 + 0))
100
Calculate -7 - (-2 - (-12 + -79)) - (2 - (3 + -6)).
-101
Evaluate -18 + -12 + 41 + -13 - 1.
-3
Calculate 28 - -1 - (635 - 695).
89
(9 - 0) + (-2 - (15 + -7 + -1)) + -22
-22
Evaluate -55 - (-33 - (25 + -46)).
-43
-210 - -174 - (50 + 1)
-87
Evaluate -11 + (-2 - 0) + -16 + 28.
-1
Evaluate 25 - ((-1 - -1 - -54) + 11036 + -11014).
-51
What is 7551 + -7626 - (29 + 2)?
-106
Evaluate -74 - (32 - 68) - -87.
49
What is -14 - (1 + -1) - (-37 - (135 - -27 - 99))?
86
-51 + 57 - (25 + -3 + (-1 - -4))
-19
Calculate -26 + (26 + -2 - (40 - 22)).
-20
Evaluate -40 + (-14 - (-49 - 11)).
6
13 - ((-8 - 106) + 55)
72
Calculate -10 + 2 + (35 + -10 + -33 - 19).
-35
Calculate (18 - 44) + 19 - (7 - (8 + 11)).
5
What is the value of 72 + 3 + 2 + -8 + -11 + 27?
85
What is the value of (0 - -1) + (-13 - (6 + -3 - 38))?
23
What is 58 - (15 - 27) - 33?
37
Calculate (-1 - (-1 + 2)) + -82 + 126 + (-345 - -212).
-91
(-2249 - -2277) + (2 - -3 - -3)
36
Calculate -5 + (0 - (12 - -5) - -9 - -56).
43
What is 60 - (-3 + 13 - -6 - 9) - (-77 + 62)?
68
What is the value of -30 - (0 - (8 + (-13 - -6 - -11)))?
-18
Calculate (0 - 22) + (2206 - 2186).
-2
Calculate -3 + (9 - -14 - 48) + 10.
-18
What is -76 + -18 + 20 + -4 + 23?
-55
Evaluate -128 + 45 + 29 - -18.
-36
Evaluate -9 - -162 - (275 + -184).
62
What is the value of 26 - (7 - (-24 - (6 - 22)))?
11
What is (-25 - (5 + -42)) + (1 - 12) + -1 + 2?
2
Calculate -1 + -19 + -87 + (73 - -20).
-14
Calculate 17 - (10 - -20 - 41 - -35).
-7
What is -143 + 35 - (-64 - -9)?
-53
What is the value of 2 - (112 - 56) - (-1 - -14)?
-67
-129 + (85 - (46 + -33) - 28)
-85
-116 + (2642 - 2659 - (-18 - (4 + -2)))
-113
Calculate -4 - (3 + -1 + 10 - (-40 - (20 - 23))).
-53
Calculate 25 + 0 - (19 + -27 - (-1 - 1)).
31
What is the value of -73 + 18 + 33 + 25 + -80?
-77
What is the value of (-2 - -16) + -2 + 195 + (-28 - 142)?
37
Calculate -1 + 3 - ((-174 - -67) + (7 - (5 - 4))).
103
What is the value of 21 + -37 + 25 + (6 + 88 - -1)?
104
-5 - (-5 + 3 + (67 - (-15 + (-3 - -25))))
-63
What is the value of (1 + -21 - (-472 - -471)) + 81?
62
15 + -14 + (2 - 20) - 14
-31
Evaluate 10 - (-2 + -4 - (2 + -1) - 16).
33
What is (18 + 19 + 11 - 3) + (5 - -1)?
51
What is (-6 + 21 + 77 - 16) + -